e?
True
Is 311497 composite?
True
Is 38251 prime?
False
Is 11255 a composite number?
True
Is 1583 composite?
False
Is 181767 prime?
False
Is 814861 prime?
False
Is 59191 a prime number?
False
Is 15545 prime?
False
Is 3174845 composite?
True
Is 4596461 composite?
True
Is 11735 prime?
False
Is 61223 a prime number?
True
Is 58991 composite?
False
Is 5837 prime?
False
Is 706191 a prime number?
False
Is 91 a composite number?
True
Is 13589 prime?
False
Is 11113 prime?
True
Is 21257 composite?
True
Is 62597 prime?
True
Is 31461 composite?
True
Is 9221 a prime number?
True
Is 67903 a prime number?
False
Is 33959 a composite number?
True
Is 1543 composite?
False
Is 160499 a composite number?
False
Is 235607 composite?
False
Is 5469 a prime number?
False
Is 16591 a composite number?
True
Is 33719 a composite number?
True
Is 118223 a prime number?
False
Is 8081 prime?
True
Is 92987 prime?
True
Is 154727 a composite number?
False
Is 301943 composite?
False
Is 32051 a prime number?
True
Is 10369 a prime number?
True
Is 923537 composite?
True
Is 11777 prime?
True
Is 12781 prime?
True
Is 157 a composite number?
False
Is 36973 prime?
True
Is 221257 prime?
False
Is 64217 a composite number?
False
Is 38257 composite?
True
Is 104623 prime?
True
Is 40417 prime?
False
Is 161899 a composite number?
True
Is 23459 a prime number?
True
Is 20729 a composite number?
True
Is 1047821 a prime number?
True
Is 32999 prime?
True
Is 515687 prime?
True
Is 1712609 prime?
False
Is 13909 composite?
True
Is 59533 a prime number?
False
Is 1439 a prime number?
True
Is 46457 a composite number?
False
Is 601669 prime?
True
Is 45119 composite?
False
Is 23866 a prime number?
False
Is 43261 prime?
True
Is 65063 a composite number?
False
Is 603898 a composite number?
True
Is 113721 a prime number?
False
Is 2657643 prime?
False
Is 7969 composite?
True
Is 2180753 prime?
False
Is 11633 a composite number?
False
Is 1024477 composite?
False
Is 280979 composite?
False
Is 5147723 prime?
False
Is 197066 composite?
True
Is 168117 prime?
False
Is 2887 composite?
False
Is 38639 prime?
True
Is 92409 prime?
False
Is 25183 prime?
True
Is 35683 a composite number?
True
Is 60422 a composite number?
True
Is 505991 a prime number?
False
Is 807 prime?
False
Is 198709 a composite number?
True
Is 1991351 prime?
True
Is 137771 prime?
True
Is 3295 prime?
False
Is 4133 a composite number?
False
Is 12437 a prime number?
True
Is 1261 composite?
True
Is 214879 a prime number?
False
Is 408353 a composite number?
True
Is 20833 composite?
True
Is 20807 composite?
False
Is 26507 composite?
True
Is 2245427 prime?
True
Is 3403 a composite number?
True
Is 70729 a composite number?
False
Is 345661 prime?
False
Is 1796059 a prime number?
True
Is 61463 a composite number?
False
Is 30815 a prime number?
False
Is 160077 a prime number?
False
Is 343835 composite?
True
Is 45079 a prime number?
False
Is 158266 composite?
True
Is 25001 a prime number?
False
Is 350003 a composite number?
False
Is 13033 a composite number?
False
Is 171161 composite?
False
Is 8222 a prime number?
False
Is 112459 a composite number?
False
Is 10223 a prime number?
True
Is 154221 composite?
True
Is 155233 prime?
False
Is 118339 composite?
True
Is 350609 composite?
True
Is 2291887 a prime number?
False
Is 10753 composite?
False
Is 91841 prime?
True
Is 34115 a composite number?
True
Is 173807 prime?
True
Is 11335 a prime number?
False
Is 372397 composite?
False
Is 35981 prime?
False
Is 39359 a prime number?
True
Is 220667 a prime number?
True
Is 300619 composite?
True
Is 4447 prime?
True
Is 8263 a composite number?
False
Is 20831 a composite number?
True
Is 109163 prime?
False
Is 1087 composite?
False
Is 69 a prime number?
False
Is 1387 a prime number?
False
Is 73061 prime?
True
Is 108055 a composite number?
True
Is 723179 a prime number?
False
Is 32639 a composite number?
True
Is 25793 composite?
False
Is 27043 a composite number?
False
Is 232429 composite?
True
Is 17855 a composite number?
True
Is 18157 prime?
False
Is 178987 a prime number?
True
Is 600359 a composite number?
False
Is 319 composite?
True
Is 799 prime?
False
Is 81737 composite?
False
Is 96041 a composite number?
True
Is 64243 composite?
True
Is 196853 a prime number?
True
Is 20681 prime?
True
Is 331667 a prime number?
False
Is 843 composite?
True
Is 51089 a prime number?
False
Is 12323 a prime number?
True
Is 188239 composite?
True
Is 963489 a prime number?
False
Is 2271 a prime number?
False
Is 258098 a composite number?
True
Is 138821 prime?
True
Is 77003 a prime number?
True
Is 25847 a composite number?
False
Is 309059 a prime number?
True
Is 147997 composite?
False
Is 7769 composite?
True
Is 1066913 prime?
True
Is 314927 a composite number?
False
Is 6467 a prime number?
False
Is 19911 a prime number?
False
Is 247781 composite?
False
Is 12911 composite?
False
Is 3061 a composite number?
False
Is 20869 composite?
True
Is 3817 prime?
False
Is 226 composite?
True
Is 78457 composite?
True
Is 26167 a prime number?
False
Is 22889 composite?
True
Is 514933 a composite number?
False
Is 12701 composite?
True
Is 18103 a prime number?
False
Is 58847 a prime number?
False
Is 1243 prime?
False
Is 1430063 composite?
False
Is 944197 a prime number?
False
Is 2844115 a composite number?
True
Is 107957 composite?
True
Is 127123 a prime number?
True
Is 33837 prime?
False
Is 136597 composite?
True
Is 1038319 a composite number?
False
Is 173617 prime?
True
Is 77963 a prime number?
False
Is 12759 composite?
True
Is 122579 prime?
True
Is 51433 composite?
True
Is 79267 composite?
True
Is 278407 composite?
True
Is 532561 a prime number?
True
Is 128902 a prime number?
False
Is 84913 a composite number?
False
Is 675429 a composite number?
True
Is 4153037 composite?
True
Is 4051 a composite number?
False
Is 3643 a composite number?
False
Is 6411 a composite number?
True
Is 24317 composite?
False
Is 165667 a composite number?
False
Is 549293 prime?
False
Is 19286 composite?
True
Is 901055 composite?
True
Is 28319 a prime number?
True
Is 9754 a composite number?
True
Is 501157 a prime number?
True
Is 3989 a composite number?
False
Is 268829 a composite number?
True
Is 76079 prime?
True
Is 257 composite?
False
Is 1921 a prime number?
False
Is 1300921 prime?
True
Is 45641 a prime number?
True
Is 39667 composite?
False
Is 508609 composite?
True
Is 4513 a composite number?
False
Is 45143 a prime number?
False
Is 327553 composite?
False
Is 28783 a composite number?
True
Is 2391 composite?
True
Is 330523 composite?
True
Is 715766 a prime number?
False
Is 11549 a composite number?
False
Is 51703 prime?
False
Is 293 a composite number?
False
Is 83507 a composite number?
True
Is 77191 composite?
False
Is 75347 prime?
True
Is 1287047 a prime number?
True
Is 5147 prime?
True
Is 22669 a prime number?
True
Is 341371 a prime number?
False
Is 127447 composite?
False
Is 19661 a composite number?
False
Is 11677 a composite number?
False
Is 10727 a composite number?
True
Is 2012519 a prime number?
True
Is 1229 a composite number?
False
Is 396383 a composite number?
True
Is 118189 composite?
False
Is 247109 a composite number?
True
Is 38693 composite?
False
Is 25439 a prime number?
True
Is 32909 a composite number?
False
Is 3693563 a prime number?
True
Is 3214 composite?
True
Is 151331 a prime number?
False
Is 199607 a prime number?
False
Is 2317 prime?
False
Is 323507 a composite number?
False
Is 43819 prime?
False
Is 59599 prime?
False
Is 10099 a composite number?
False
Is 12437 prime?
True
Is 13001 a prime number?
True
Is 8129 prime?
False
Is 4417 prime?
False
Is 78107 composite?
True
Is 337397 prime?
True
Is 1482041 composite?
True
Is 18041 a composite number?
False
Is 25807 composite?
True
Is 1059614 a prime number?
False
Is 19561 composite?
True
Is 4373 composite?
False
Is 299039 prime?
False
Is 402691 prime?
True
Is 54601 prime?
True
Is 4711 composite?
True
Is 2671 composite?
False
Is 73693 prime?
True
Is 2354077 prime?
False
Is 44779 prime?
False
Is 61309 a prime number?
False
Is 8095 composite?
True
Is 171382 prime?
False
Is 41186 prime?
False
Is 3057 prime?
False
Is 4609 composite?
True
Is 5017 prime?
False
Is 56877 composite?
True
Is 4963 composite?
True
Is 984287 prime?
False
Is 400961 a composite number?
True
Is 92